the highest common factor of 81 and 45288.
9
What is the highest common factor of 520 and 13?
13
Calculate the greatest common divisor of 42143 and 67.
67
Calculate the highest common divisor of 10840 and 200.
40
What is the highest common divisor of 44080 and 15080?
1160
Calculate the highest common factor of 91435 and 20.
5
What is the greatest common factor of 36722 and 125818?
602
What is the highest common divisor of 588 and 96236?
196
What is the highest common factor of 2360 and 104?
8
What is the highest common divisor of 3222 and 11098?
358
What is the highest common divisor of 163930 and 520?
130
What is the highest common divisor of 281808 and 49131?
927
Calculate the greatest common factor of 47846 and 564.
94
Calculate the greatest common factor of 378 and 55755.
189
What is the highest common factor of 1956 and 824128?
652
Calculate the greatest common factor of 2585 and 6215.
55
What is the highest common factor of 80 and 60215?
5
What is the highest common factor of 50661 and 351?
117
What is the greatest common divisor of 107 and 170?
1
Calculate the highest common divisor of 1460 and 6740.
20
What is the greatest common factor of 198 and 305316?
198
Calculate the highest common factor of 150 and 80805.
15
What is the greatest common factor of 106067 and 247?
13
Calculate the highest common divisor of 1430 and 6006.
286
Calculate the highest common divisor of 23556 and 234.
78
Calculate the highest common divisor of 4 and 98138.
2
Calculate the highest common divisor of 181683 and 3483.
81
Calculate the greatest common divisor of 61460 and 7896.
28
What is the greatest common factor of 625 and 6713125?
625
Calculate the highest common factor of 228564 and 315.
63
Calculate the greatest common divisor of 36772 and 464.
116
What is the greatest common factor of 3800 and 9310?
190
What is the highest common divisor of 104713 and 588?
49
Calculate the highest common factor of 3151 and 59938.
23
Calculate the highest common factor of 3918122 and 182.
26
Calculate the highest common factor of 42 and 697758.
6
What is the greatest common factor of 24 and 407886?
6
Calculate the greatest common factor of 422445 and 3.
3
Calculate the highest common factor of 30301 and 2123.
193
What is the greatest common divisor of 700 and 6571950?
350
Calculate the highest common factor of 55368 and 360.
72
What is the greatest common factor of 229108 and 220?
44
What is the highest common divisor of 3507596 and 86?
86
What is the greatest common factor of 650 and 3250650?
650
Calculate the greatest common divisor of 28005 and 135.
15
What is the greatest common factor of 6040 and 120?
40
What is the highest common divisor of 1472 and 2162?
46
Calculate the greatest common factor of 2223 and 152.
19
What is the highest common factor of 305 and 299754?
61
Calculate the greatest common divisor of 57 and 39387.
57
What is the highest common divisor of 85 and 44557?
17
Calculate the highest common factor of 96968 and 368.
184
What is the greatest common divisor of 310 and 2015?
155
Calculate the greatest common factor of 165 and 8445.
15
What is the highest common divisor of 999 and 3456?
27
Calculate the greatest common divisor of 1222 and 226824.
26
Calculate the highest common divisor of 1491 and 17997.
21
Calculate the highest common factor of 55 and 5366515.
55
Calculate the greatest common factor of 1548 and 19224.
36
Calculate the highest common divisor of 290777 and 2817.
313
What is the highest common divisor of 24252 and 2451?
129
Calculate the greatest common factor of 1330 and 3971380.
1330
Calculate the greatest common divisor of 486 and 245187.
243
Calculate the highest common divisor of 306 and 957.
3
Calculate the highest common divisor of 4274092 and 148.
148
What is the greatest common factor of 15906 and 924?
66
What is the highest common factor of 2367 and 26563?
263
Calculate the greatest common divisor of 4 and 25228.
4
What is the greatest common factor of 90 and 43060?
10
Calculate the highest common divisor of 58 and 11302.
2
Calculate the highest common divisor of 22992 and 346317.
1437
What is the greatest common divisor of 262 and 271432?
262
Calculate the greatest common divisor of 790072 and 61.
61
What is the greatest common factor of 1364 and 385?
11
Calculate the highest common factor of 18 and 1767132.
18
Calculate the greatest common factor of 63426 and 1254.
66
What is the greatest common factor of 379375 and 375?
125
Calculate the greatest common divisor of 7920 and 7656.
264
What is the greatest common factor of 1111715 and 4675?
935
What is the highest common divisor of 481463 and 164?
41
What is the highest common factor of 138 and 642?
6
Calculate the greatest common divisor of 1436907 and 509.
509
Calculate the highest common divisor of 115 and 145567.
23
What is the greatest common divisor of 820 and 120704?
164
Calculate the greatest common factor of 3757 and 75718.
289
Calculate the highest common factor of 476790 and 60.
30
Calculate the highest common divisor of 177 and 169094.
59
Calculate the highest common factor of 2981052 and 459.
153
What is the greatest common factor of 1980 and 18975?
165
Calculate the greatest common factor of 2834 and 338.
26
Calculate the highest common divisor of 44 and 193448.
4
What is the highest common divisor of 636 and 28068?
12
What is the highest common divisor of 8 and 2646780?
4
Calculate the greatest common divisor of 957 and 93511.
11
What is the highest common divisor of 988 and 12806?
38
What is the greatest common factor of 374506 and 8294?
638
What is the greatest common divisor of 3626 and 407?
37
What is the greatest common factor of 22265 and 80?
5
Calculate the highest common divisor of 550 and 143850.
50
Calculate the highest common divisor of 1203 and 2273269.
401
What is the greatest common divisor of 56378 and 14?
14
Calculate the greatest common divisor of 744810 and 29524.
1342
Calculate the greatest common factor of 88641 and 670.
67
Calculate the highest common divisor of 992204 and 12.
4
What is the highest common factor of 906725 and 15?
5
What is the greatest common factor of 7392 and 357?
21
Calculate the greatest common factor of 50 and 235075.
25
Calculate the greatest common factor of 401460 and 264.
12
Calculate the highest common divisor of 7984 and 128.
16
What is the greatest common factor of 10266 and 5655?
87
Calculate the highest common factor of 2346 and 12489.
69
Calculate the greatest common divisor of 13002 and 1576.
394
What is the greatest common factor of 390 and 1248?
78
Calculate the greatest common divisor of 274 and 407986.
274
What is the highest common factor of 4636 and 549244?
244
What is the greatest common divisor of 100 and 231425?
25
Calculate the highest common divisor of 1100 and 352.
44
What is the greatest common divisor of 139224 and 192?
24
What is the greatest common factor of 1377 and 2430?
81
Calculate the greatest common divisor of 23472 and 36096.
48
What is the highest common divisor of 2 and 256604?
2
What is the highest common divisor of 1277972 and 479?
479
What is the greatest common divisor of 14305 and 480?
5
What is the highest common divisor of 3 and 4648?
1
What is the greatest common factor of 264733 and 2478?
413
Calculate the greatest common factor of 5138 and 126.
14
What is the greatest common factor of 1 and 1038?
1
Calculate the greatest common divisor of 515950 and 7650.
850
Calculate the highest common factor of 19177 and 254.
127
What is the greatest common divisor of 8 and 100088?
8
Calculate the greatest common divisor of 47 and 2.
1
What is the highest common divisor of 10444 and 119?
7
Calculate the highest common factor of 1835 and 384616.
367
What is the highest common factor of 310 and 2780?
10
What is the highest common factor of 45240 and 12090?
390
Calculate the highest common divisor of 99820 and 308.
28
What is the greatest common factor of 51188 and 603?
67
What is the greatest common factor of 755 and 940?
5
Calculate the greatest common divisor of 208 and 19058.
26
What is the highest common divisor of 5 and 246785?
5
Calculate the greatest common factor of 2 and 135019.
1
Calculate the highest common factor of 616 and 3092936.
616
What is the highest common divisor of